{"id":217,"date":"2019-03-25T14:45:19","date_gmt":"2019-03-25T13:45:19","guid":{"rendered":"http:\/\/cueilleurdememoire.fr\/?page_id=217"},"modified":"2019-04-05T09:19:19","modified_gmt":"2019-04-05T07:19:19","slug":"fleurette-tout-est-possible","status":"publish","type":"page","link":"https:\/\/cueilleurdememoire.fr\/?page_id=217","title":{"rendered":"Autobiographie \u00ab\u00a0Fleurette, tout est possible\u00a0\u00bb"},"content":{"rendered":"\n<ul class=\"wp-block-gallery columns-1\"><li class=\"blocks-gallery-item\"><figure><img loading=\"lazy\" width=\"313\" height=\"450\" src=\"http:\/\/cueilleurdememoire.fr\/wp-content\/uploads\/2019\/03\/pierrette_couverture_450.jpg\" alt=\"\" data-id=\"225\" data-link=\"http:\/\/cueilleurdememoire.fr\/?attachment_id=225\" class=\"wp-image-225\" srcset=\"https:\/\/cueilleurdememoire.fr\/wp-content\/uploads\/2019\/03\/pierrette_couverture_450.jpg 313w, https:\/\/cueilleurdememoire.fr\/wp-content\/uploads\/2019\/03\/pierrette_couverture_450-209x300.jpg 209w\" sizes=\"(max-width: 313px) 100vw, 313px\" \/><\/figure><\/li><\/ul>\n\n\n\n<p>Un extrait, p39 :<\/p>\n\n\n\n<figure class=\"wp-block-image\"><img loading=\"lazy\" width=\"420\" height=\"650\" src=\"http:\/\/cueilleurdememoire.fr\/wp-content\/uploads\/2019\/03\/pierrete-p39_650.jpg\" alt=\"\" class=\"wp-image-236\" srcset=\"https:\/\/cueilleurdememoire.fr\/wp-content\/uploads\/2019\/03\/pierrete-p39_650.jpg 420w, https:\/\/cueilleurdememoire.fr\/wp-content\/uploads\/2019\/03\/pierrete-p39_650-194x300.jpg 194w\" sizes=\"(max-width: 420px) 100vw, 420px\" \/><\/figure>\n","protected":false},"excerpt":{"rendered":"<p>Un extrait, p39 :<\/p>\n","protected":false},"author":1,"featured_media":225,"parent":0,"menu_order":0,"comment_status":"closed","ping_status":"closed","template":"","meta":[],"yoast_head":"<!-- This site is optimized with the Yoast SEO plugin v18.5 - https:\/\/yoast.com\/wordpress\/plugins\/seo\/ -->\n<title>Autobiographie &quot;Fleurette, tout est possible&quot; &ndash; Cueilleur de m\u00e9moire - \u00e9crivain biographe en Dr\u00f4me et Rh\u00f4ne-Alpes<\/title>\n<meta name=\"robots\" content=\"index, follow, max-snippet:-1, max-image-preview:large, max-video-preview:-1\" \/>\n<link rel=\"canonical\" href=\"https:\/\/cueilleurdememoire.fr\/?page_id=217\" \/>\n<meta property=\"og:locale\" content=\"fr_FR\" \/>\n<meta property=\"og:type\" content=\"article\" \/>\n<meta property=\"og:title\" content=\"Autobiographie &quot;Fleurette, tout est possible&quot; &ndash; Cueilleur de m\u00e9moire - \u00e9crivain biographe en Dr\u00f4me et Rh\u00f4ne-Alpes\" \/>\n<meta property=\"og:description\" content=\"Un extrait, p39 :\" \/>\n<meta property=\"og:url\" content=\"https:\/\/cueilleurdememoire.fr\/?page_id=217\" \/>\n<meta property=\"og:site_name\" content=\"Cueilleur de m\u00e9moire - \u00e9crivain biographe en Dr\u00f4me et Rh\u00f4ne-Alpes\" \/>\n<meta property=\"article:modified_time\" content=\"2019-04-05T07:19:19+00:00\" \/>\n<meta property=\"og:image\" content=\"https:\/\/cueilleurdememoire.fr\/wp-content\/uploads\/2019\/03\/pierrette_couverture_450.jpg\" \/>\n\t<meta property=\"og:image:width\" content=\"313\" \/>\n\t<meta property=\"og:image:height\" content=\"450\" \/>\n\t<meta property=\"og:image:type\" content=\"image\/jpeg\" \/>\n<meta name=\"twitter:card\" content=\"summary_large_image\" \/>\n<script type=\"application\/ld+json\" class=\"yoast-schema-graph\">{\"@context\":\"https:\/\/schema.org\",\"@graph\":[{\"@type\":\"Organization\",\"@id\":\"https:\/\/cueilleurdememoire.fr\/#organization\",\"name\":\"Cueilleur de m\u00e9moire - biographe familial en Dr\u00f4me et Rh\u00f4ne-Alpes\",\"url\":\"https:\/\/cueilleurdememoire.fr\/\",\"sameAs\":[],\"logo\":{\"@type\":\"ImageObject\",\"@id\":\"https:\/\/cueilleurdememoire.fr\/#logo\",\"inLanguage\":\"fr-FR\",\"url\":\"https:\/\/cueilleurdememoire.fr\/wp-content\/uploads\/2018\/05\/LOGO300.jpg\",\"contentUrl\":\"https:\/\/cueilleurdememoire.fr\/wp-content\/uploads\/2018\/05\/LOGO300.jpg\",\"width\":300,\"height\":312,\"caption\":\"Cueilleur de m\u00e9moire - biographe familial en Dr\u00f4me et Rh\u00f4ne-Alpes\"},\"image\":{\"@id\":\"https:\/\/cueilleurdememoire.fr\/#logo\"}},{\"@type\":\"WebSite\",\"@id\":\"https:\/\/cueilleurdememoire.fr\/#website\",\"url\":\"https:\/\/cueilleurdememoire.fr\/\",\"name\":\"Cueilleur de m\u00e9moire - \u00e9crivain biographe en Dr\u00f4me et Rh\u00f4ne-Alpes\",\"description\":\"\",\"publisher\":{\"@id\":\"https:\/\/cueilleurdememoire.fr\/#organization\"},\"potentialAction\":[{\"@type\":\"SearchAction\",\"target\":{\"@type\":\"EntryPoint\",\"urlTemplate\":\"https:\/\/cueilleurdememoire.fr\/?s={search_term_string}\"},\"query-input\":\"required name=search_term_string\"}],\"inLanguage\":\"fr-FR\"},{\"@type\":\"ImageObject\",\"@id\":\"https:\/\/cueilleurdememoire.fr\/?page_id=217#primaryimage\",\"inLanguage\":\"fr-FR\",\"url\":\"https:\/\/cueilleurdememoire.fr\/wp-content\/uploads\/2019\/03\/pierrette_couverture_450.jpg\",\"contentUrl\":\"https:\/\/cueilleurdememoire.fr\/wp-content\/uploads\/2019\/03\/pierrette_couverture_450.jpg\",\"width\":313,\"height\":450},{\"@type\":\"WebPage\",\"@id\":\"https:\/\/cueilleurdememoire.fr\/?page_id=217#webpage\",\"url\":\"https:\/\/cueilleurdememoire.fr\/?page_id=217\",\"name\":\"Autobiographie \\\"Fleurette, tout est possible\\\" &ndash; Cueilleur de m\u00e9moire - \u00e9crivain biographe en Dr\u00f4me et Rh\u00f4ne-Alpes\",\"isPartOf\":{\"@id\":\"https:\/\/cueilleurdememoire.fr\/#website\"},\"primaryImageOfPage\":{\"@id\":\"https:\/\/cueilleurdememoire.fr\/?page_id=217#primaryimage\"},\"datePublished\":\"2019-03-25T13:45:19+00:00\",\"dateModified\":\"2019-04-05T07:19:19+00:00\",\"breadcrumb\":{\"@id\":\"https:\/\/cueilleurdememoire.fr\/?page_id=217#breadcrumb\"},\"inLanguage\":\"fr-FR\",\"potentialAction\":[{\"@type\":\"ReadAction\",\"target\":[\"https:\/\/cueilleurdememoire.fr\/?page_id=217\"]}]},{\"@type\":\"BreadcrumbList\",\"@id\":\"https:\/\/cueilleurdememoire.fr\/?page_id=217#breadcrumb\",\"itemListElement\":[{\"@type\":\"ListItem\",\"position\":1,\"name\":\"Accueil\",\"item\":\"https:\/\/cueilleurdememoire.fr\/\"},{\"@type\":\"ListItem\",\"position\":2,\"name\":\"Autobiographie \u00ab\u00a0Fleurette, tout est possible\u00a0\u00bb\"}]}]}<\/script>\n<!-- \/ Yoast SEO plugin. -->","yoast_head_json":{"title":"Autobiographie \"Fleurette, tout est possible\" &ndash; Cueilleur de m\u00e9moire - \u00e9crivain biographe en Dr\u00f4me et Rh\u00f4ne-Alpes","robots":{"index":"index","follow":"follow","max-snippet":"max-snippet:-1","max-image-preview":"max-image-preview:large","max-video-preview":"max-video-preview:-1"},"canonical":"https:\/\/cueilleurdememoire.fr\/?page_id=217","og_locale":"fr_FR","og_type":"article","og_title":"Autobiographie \"Fleurette, tout est possible\" &ndash; Cueilleur de m\u00e9moire - \u00e9crivain biographe en Dr\u00f4me et Rh\u00f4ne-Alpes","og_description":"Un extrait, p39 :","og_url":"https:\/\/cueilleurdememoire.fr\/?page_id=217","og_site_name":"Cueilleur de m\u00e9moire - \u00e9crivain biographe en Dr\u00f4me et Rh\u00f4ne-Alpes","article_modified_time":"2019-04-05T07:19:19+00:00","og_image":[{"width":313,"height":450,"url":"https:\/\/cueilleurdememoire.fr\/wp-content\/uploads\/2019\/03\/pierrette_couverture_450.jpg","type":"image\/jpeg"}],"twitter_card":"summary_large_image","schema":{"@context":"https:\/\/schema.org","@graph":[{"@type":"Organization","@id":"https:\/\/cueilleurdememoire.fr\/#organization","name":"Cueilleur de m\u00e9moire - biographe familial en Dr\u00f4me et Rh\u00f4ne-Alpes","url":"https:\/\/cueilleurdememoire.fr\/","sameAs":[],"logo":{"@type":"ImageObject","@id":"https:\/\/cueilleurdememoire.fr\/#logo","inLanguage":"fr-FR","url":"https:\/\/cueilleurdememoire.fr\/wp-content\/uploads\/2018\/05\/LOGO300.jpg","contentUrl":"https:\/\/cueilleurdememoire.fr\/wp-content\/uploads\/2018\/05\/LOGO300.jpg","width":300,"height":312,"caption":"Cueilleur de m\u00e9moire - biographe familial en Dr\u00f4me et Rh\u00f4ne-Alpes"},"image":{"@id":"https:\/\/cueilleurdememoire.fr\/#logo"}},{"@type":"WebSite","@id":"https:\/\/cueilleurdememoire.fr\/#website","url":"https:\/\/cueilleurdememoire.fr\/","name":"Cueilleur de m\u00e9moire - \u00e9crivain biographe en Dr\u00f4me et Rh\u00f4ne-Alpes","description":"","publisher":{"@id":"https:\/\/cueilleurdememoire.fr\/#organization"},"potentialAction":[{"@type":"SearchAction","target":{"@type":"EntryPoint","urlTemplate":"https:\/\/cueilleurdememoire.fr\/?s={search_term_string}"},"query-input":"required name=search_term_string"}],"inLanguage":"fr-FR"},{"@type":"ImageObject","@id":"https:\/\/cueilleurdememoire.fr\/?page_id=217#primaryimage","inLanguage":"fr-FR","url":"https:\/\/cueilleurdememoire.fr\/wp-content\/uploads\/2019\/03\/pierrette_couverture_450.jpg","contentUrl":"https:\/\/cueilleurdememoire.fr\/wp-content\/uploads\/2019\/03\/pierrette_couverture_450.jpg","width":313,"height":450},{"@type":"WebPage","@id":"https:\/\/cueilleurdememoire.fr\/?page_id=217#webpage","url":"https:\/\/cueilleurdememoire.fr\/?page_id=217","name":"Autobiographie \"Fleurette, tout est possible\" &ndash; Cueilleur de m\u00e9moire - \u00e9crivain biographe en Dr\u00f4me et Rh\u00f4ne-Alpes","isPartOf":{"@id":"https:\/\/cueilleurdememoire.fr\/#website"},"primaryImageOfPage":{"@id":"https:\/\/cueilleurdememoire.fr\/?page_id=217#primaryimage"},"datePublished":"2019-03-25T13:45:19+00:00","dateModified":"2019-04-05T07:19:19+00:00","breadcrumb":{"@id":"https:\/\/cueilleurdememoire.fr\/?page_id=217#breadcrumb"},"inLanguage":"fr-FR","potentialAction":[{"@type":"ReadAction","target":["https:\/\/cueilleurdememoire.fr\/?page_id=217"]}]},{"@type":"BreadcrumbList","@id":"https:\/\/cueilleurdememoire.fr\/?page_id=217#breadcrumb","itemListElement":[{"@type":"ListItem","position":1,"name":"Accueil","item":"https:\/\/cueilleurdememoire.fr\/"},{"@type":"ListItem","position":2,"name":"Autobiographie \u00ab\u00a0Fleurette, tout est possible\u00a0\u00bb"}]}]}},"_links":{"self":[{"href":"https:\/\/cueilleurdememoire.fr\/index.php?rest_route=\/wp\/v2\/pages\/217"}],"collection":[{"href":"https:\/\/cueilleurdememoire.fr\/index.php?rest_route=\/wp\/v2\/pages"}],"about":[{"href":"https:\/\/cueilleurdememoire.fr\/index.php?rest_route=\/wp\/v2\/types\/page"}],"author":[{"embeddable":true,"href":"https:\/\/cueilleurdememoire.fr\/index.php?rest_route=\/wp\/v2\/users\/1"}],"replies":[{"embeddable":true,"href":"https:\/\/cueilleurdememoire.fr\/index.php?rest_route=%2Fwp%2Fv2%2Fcomments&post=217"}],"version-history":[{"count":14,"href":"https:\/\/cueilleurdememoire.fr\/index.php?rest_route=\/wp\/v2\/pages\/217\/revisions"}],"predecessor-version":[{"id":289,"href":"https:\/\/cueilleurdememoire.fr\/index.php?rest_route=\/wp\/v2\/pages\/217\/revisions\/289"}],"wp:featuredmedia":[{"embeddable":true,"href":"https:\/\/cueilleurdememoire.fr\/index.php?rest_route=\/wp\/v2\/media\/225"}],"wp:attachment":[{"href":"https:\/\/cueilleurdememoire.fr\/index.php?rest_route=%2Fwp%2Fv2%2Fmedia&parent=217"}],"curies":[{"name":"wp","href":"https:\/\/api.w.org\/{rel}","templated":true}]}}

<!-- This site is optimized with the Yoast SEO plugin v18.5 - https://yoast.com/wordpress/plugins/seo/ -->
<title>Autobiographie &quot;Fleurette, tout est possible&quot; &ndash; Cueilleur de mémoire - écrivain biographe en Drôme et Rhône-Alpes</title>
<meta name="robots" content="index, follow, max-snippet:-1, max-image-preview:large, max-video-preview:-1" />
<link rel="canonical" href="https://cueilleurdememoire.fr/?page_id=217" />
<meta property="og:locale" content="fr_FR" />
<meta property="og:type" content="article" />
<meta property="og:title" content="Autobiographie &quot;Fleurette, tout est possible&quot; &ndash; Cueilleur de mémoire - écrivain biographe en Drôme et Rhône-Alpes" />
<meta property="og:description" content="Un extrait, p39 :" />
<meta property="og:url" content="https://cueilleurdememoire.fr/?page_id=217" />
<meta property="og:site_name" content="Cueilleur de mémoire - écrivain biographe en Drôme et Rhône-Alpes" />
<meta property="article:modified_time" content="2019-04-05T07:19:19+00:00" />
<meta property="og:image" content="https://cueilleurdememoire.fr/wp-content/uploads/2019/03/pierrette_couverture_450.jpg" />
	<meta property="og:image:width" content="313" />
	<meta property="og:image:height" content="450" />
	<meta property="og:image:type" content="image/jpeg" />
<meta name="twitter:card" content="summary_large_image" />
<script type="application/ld+json" class="yoast-schema-graph">{"@context":"https://schema.org","@graph":[{"@type":"Organization","@id":"https://cueilleurdememoire.fr/#organization","name":"Cueilleur de mémoire - biographe familial en Drôme et Rhône-Alpes","url":"https://cueilleurdememoire.fr/","sameAs":[],"logo":{"@type":"ImageObject","@id":"https://cueilleurdememoire.fr/#logo","inLanguage":"fr-FR","url":"https://cueilleurdememoire.fr/wp-content/uploads/2018/05/LOGO300.jpg","contentUrl":"https://cueilleurdememoire.fr/wp-content/uploads/2018/05/LOGO300.jpg","width":300,"height":312,"caption":"Cueilleur de mémoire - biographe familial en Drôme et Rhône-Alpes"},"image":{"@id":"https://cueilleurdememoire.fr/#logo"}},{"@type":"WebSite","@id":"https://cueilleurdememoire.fr/#website","url":"https://cueilleurdememoire.fr/","name":"Cueilleur de mémoire - écrivain biographe en Drôme et Rhône-Alpes","description":"","publisher":{"@id":"https://cueilleurdememoire.fr/#organization"},"potentialAction":[{"@type":"SearchAction","target":{"@type":"EntryPoint","urlTemplate":"https://cueilleurdememoire.fr/?s={search_term_string}"},"query-input":"required name=search_term_string"}],"inLanguage":"fr-FR"},{"@type":"ImageObject","@id":"https://cueilleurdememoire.fr/?page_id=217#primaryimage","inLanguage":"fr-FR","url":"https://cueilleurdememoire.fr/wp-content/uploads/2019/03/pierrette_couverture_450.jpg","contentUrl":"https://cueilleurdememoire.fr/wp-content/uploads/2019/03/pierrette_couverture_450.jpg","width":313,"height":450},{"@type":"WebPage","@id":"https://cueilleurdememoire.fr/?page_id=217#webpage","url":"https://cueilleurdememoire.fr/?page_id=217","name":"Autobiographie \"Fleurette, tout est possible\" &ndash; Cueilleur de mémoire - écrivain biographe en Drôme et Rhône-Alpes","isPartOf":{"@id":"https://cueilleurdememoire.fr/#website"},"primaryImageOfPage":{"@id":"https://cueilleurdememoire.fr/?page_id=217#primaryimage"},"datePublished":"2019-03-25T13:45:19+00:00","dateModified":"2019-04-05T07:19:19+00:00","breadcrumb":{"@id":"https://cueilleurdememoire.fr/?page_id=217#breadcrumb"},"inLanguage":"fr-FR","potentialAction":[{"@type":"ReadAction","target":["https://cueilleurdememoire.fr/?page_id=217"]}]},{"@type":"BreadcrumbList","@id":"https://cueilleurdememoire.fr/?page_id=217#breadcrumb","itemListElement":[{"@type":"ListItem","position":1,"name":"Accueil","item":"https://cueilleurdememoire.fr/"},{"@type":"ListItem","position":2,"name":"Autobiographie « Fleurette, tout est possible »"}]}]}</script>
<!-- / Yoast SEO plugin. -->

Autobiographie "Fleurette, tout est possible" &ndash; Cueilleur de mémoire - écrivain biographe en Drôme et Rhône-Alpes

Cueilleur de mémoire - écrivain biographe en Drôme et Rhône-Alpes

Cueilleur de mémoire - biographe familial en Drôme et Rhône-Alpes
