{"id":364,"date":"2022-04-05T12:29:29","date_gmt":"2022-04-05T10:29:29","guid":{"rendered":"https:\/\/cueilleurdememoire.fr\/?page_id=364"},"modified":"2022-04-05T12:29:29","modified_gmt":"2022-04-05T10:29:29","slug":"autobiographie-souvenirs-dune-centenaire","status":"publish","type":"page","link":"https:\/\/cueilleurdememoire.fr\/?page_id=364","title":{"rendered":"Autobiographie \u00ab Souvenirs d&rsquo;une centenaire \u00bb"},"content":{"rendered":"\n<figure class=\"wp-block-image size-full\"><img loading=\"lazy\" width=\"323\" height=\"450\" src=\"https:\/\/cueilleurdememoire.fr\/wp-content\/uploads\/2022\/04\/couverture-centenaire.jpg\" alt=\"\" class=\"wp-image-370\" srcset=\"https:\/\/cueilleurdememoire.fr\/wp-content\/uploads\/2022\/04\/couverture-centenaire.jpg 323w, https:\/\/cueilleurdememoire.fr\/wp-content\/uploads\/2022\/04\/couverture-centenaire-215x300.jpg 215w\" sizes=\"(max-width: 323px) 100vw, 323px\" \/><\/figure>\n\n\n\n<p> <\/p>\n\n\n\n<p><\/p>\n\n\n\n<p>Un extrait, p 16:<\/p>\n\n\n\n<figure class=\"wp-block-image size-full\"><img loading=\"lazy\" width=\"444\" height=\"650\" src=\"https:\/\/cueilleurdememoire.fr\/wp-content\/uploads\/2022\/04\/texte.jpg\" alt=\"\" class=\"wp-image-389\" srcset=\"https:\/\/cueilleurdememoire.fr\/wp-content\/uploads\/2022\/04\/texte.jpg 444w, https:\/\/cueilleurdememoire.fr\/wp-content\/uploads\/2022\/04\/texte-205x300.jpg 205w\" sizes=\"(max-width: 444px) 100vw, 444px\" \/><\/figure>\n","protected":false},"excerpt":{"rendered":"<p>Un extrait, p 16:<\/p>\n","protected":false},"author":1,"featured_media":0,"parent":0,"menu_order":0,"comment_status":"closed","ping_status":"closed","template":"","meta":[],"yoast_head":"<!-- This site is optimized with the Yoast SEO plugin v18.5 - https:\/\/yoast.com\/wordpress\/plugins\/seo\/ -->\n<title>Autobiographie \u00ab Souvenirs d&#039;une centenaire \u00bb &ndash; Cueilleur de m\u00e9moire - \u00e9crivain biographe en Dr\u00f4me et Rh\u00f4ne-Alpes<\/title>\n<meta name=\"robots\" content=\"index, follow, max-snippet:-1, max-image-preview:large, max-video-preview:-1\" \/>\n<link rel=\"canonical\" href=\"https:\/\/cueilleurdememoire.fr\/?page_id=364\" \/>\n<meta property=\"og:locale\" content=\"fr_FR\" \/>\n<meta property=\"og:type\" content=\"article\" \/>\n<meta property=\"og:title\" content=\"Autobiographie \u00ab Souvenirs d&#039;une centenaire \u00bb &ndash; Cueilleur de m\u00e9moire - \u00e9crivain biographe en Dr\u00f4me et Rh\u00f4ne-Alpes\" \/>\n<meta property=\"og:description\" content=\"Un extrait, p 16:\" \/>\n<meta property=\"og:url\" content=\"https:\/\/cueilleurdememoire.fr\/?page_id=364\" \/>\n<meta property=\"og:site_name\" content=\"Cueilleur de m\u00e9moire - \u00e9crivain biographe en Dr\u00f4me et Rh\u00f4ne-Alpes\" \/>\n<meta property=\"og:image\" content=\"https:\/\/cueilleurdememoire.fr\/wp-content\/uploads\/2022\/04\/couverture-centenaire.jpg\" \/>\n<meta name=\"twitter:card\" content=\"summary_large_image\" \/>\n<script type=\"application\/ld+json\" class=\"yoast-schema-graph\">{\"@context\":\"https:\/\/schema.org\",\"@graph\":[{\"@type\":\"Organization\",\"@id\":\"https:\/\/cueilleurdememoire.fr\/#organization\",\"name\":\"Cueilleur de m\u00e9moire - biographe familial en Dr\u00f4me et Rh\u00f4ne-Alpes\",\"url\":\"https:\/\/cueilleurdememoire.fr\/\",\"sameAs\":[],\"logo\":{\"@type\":\"ImageObject\",\"@id\":\"https:\/\/cueilleurdememoire.fr\/#logo\",\"inLanguage\":\"fr-FR\",\"url\":\"https:\/\/cueilleurdememoire.fr\/wp-content\/uploads\/2018\/05\/LOGO300.jpg\",\"contentUrl\":\"https:\/\/cueilleurdememoire.fr\/wp-content\/uploads\/2018\/05\/LOGO300.jpg\",\"width\":300,\"height\":312,\"caption\":\"Cueilleur de m\u00e9moire - biographe familial en Dr\u00f4me et Rh\u00f4ne-Alpes\"},\"image\":{\"@id\":\"https:\/\/cueilleurdememoire.fr\/#logo\"}},{\"@type\":\"WebSite\",\"@id\":\"https:\/\/cueilleurdememoire.fr\/#website\",\"url\":\"https:\/\/cueilleurdememoire.fr\/\",\"name\":\"Cueilleur de m\u00e9moire - \u00e9crivain biographe en Dr\u00f4me et Rh\u00f4ne-Alpes\",\"description\":\"\",\"publisher\":{\"@id\":\"https:\/\/cueilleurdememoire.fr\/#organization\"},\"potentialAction\":[{\"@type\":\"SearchAction\",\"target\":{\"@type\":\"EntryPoint\",\"urlTemplate\":\"https:\/\/cueilleurdememoire.fr\/?s={search_term_string}\"},\"query-input\":\"required name=search_term_string\"}],\"inLanguage\":\"fr-FR\"},{\"@type\":\"ImageObject\",\"@id\":\"https:\/\/cueilleurdememoire.fr\/?page_id=364#primaryimage\",\"inLanguage\":\"fr-FR\",\"url\":\"https:\/\/cueilleurdememoire.fr\/wp-content\/uploads\/2022\/04\/couverture-centenaire.jpg\",\"contentUrl\":\"https:\/\/cueilleurdememoire.fr\/wp-content\/uploads\/2022\/04\/couverture-centenaire.jpg\",\"width\":323,\"height\":450},{\"@type\":\"WebPage\",\"@id\":\"https:\/\/cueilleurdememoire.fr\/?page_id=364#webpage\",\"url\":\"https:\/\/cueilleurdememoire.fr\/?page_id=364\",\"name\":\"Autobiographie \u00ab Souvenirs d'une centenaire \u00bb &ndash; Cueilleur de m\u00e9moire - \u00e9crivain biographe en Dr\u00f4me et Rh\u00f4ne-Alpes\",\"isPartOf\":{\"@id\":\"https:\/\/cueilleurdememoire.fr\/#website\"},\"primaryImageOfPage\":{\"@id\":\"https:\/\/cueilleurdememoire.fr\/?page_id=364#primaryimage\"},\"datePublished\":\"2022-04-05T10:29:29+00:00\",\"dateModified\":\"2022-04-05T10:29:29+00:00\",\"breadcrumb\":{\"@id\":\"https:\/\/cueilleurdememoire.fr\/?page_id=364#breadcrumb\"},\"inLanguage\":\"fr-FR\",\"potentialAction\":[{\"@type\":\"ReadAction\",\"target\":[\"https:\/\/cueilleurdememoire.fr\/?page_id=364\"]}]},{\"@type\":\"BreadcrumbList\",\"@id\":\"https:\/\/cueilleurdememoire.fr\/?page_id=364#breadcrumb\",\"itemListElement\":[{\"@type\":\"ListItem\",\"position\":1,\"name\":\"Accueil\",\"item\":\"https:\/\/cueilleurdememoire.fr\/\"},{\"@type\":\"ListItem\",\"position\":2,\"name\":\"Autobiographie \u00ab Souvenirs d&rsquo;une centenaire \u00bb\"}]}]}<\/script>\n<!-- \/ Yoast SEO plugin. -->","yoast_head_json":{"title":"Autobiographie \u00ab Souvenirs d'une centenaire \u00bb &ndash; Cueilleur de m\u00e9moire - \u00e9crivain biographe en Dr\u00f4me et Rh\u00f4ne-Alpes","robots":{"index":"index","follow":"follow","max-snippet":"max-snippet:-1","max-image-preview":"max-image-preview:large","max-video-preview":"max-video-preview:-1"},"canonical":"https:\/\/cueilleurdememoire.fr\/?page_id=364","og_locale":"fr_FR","og_type":"article","og_title":"Autobiographie \u00ab Souvenirs d'une centenaire \u00bb &ndash; Cueilleur de m\u00e9moire - \u00e9crivain biographe en Dr\u00f4me et Rh\u00f4ne-Alpes","og_description":"Un extrait, p 16:","og_url":"https:\/\/cueilleurdememoire.fr\/?page_id=364","og_site_name":"Cueilleur de m\u00e9moire - \u00e9crivain biographe en Dr\u00f4me et Rh\u00f4ne-Alpes","og_image":[{"url":"https:\/\/cueilleurdememoire.fr\/wp-content\/uploads\/2022\/04\/couverture-centenaire.jpg"}],"twitter_card":"summary_large_image","schema":{"@context":"https:\/\/schema.org","@graph":[{"@type":"Organization","@id":"https:\/\/cueilleurdememoire.fr\/#organization","name":"Cueilleur de m\u00e9moire - biographe familial en Dr\u00f4me et Rh\u00f4ne-Alpes","url":"https:\/\/cueilleurdememoire.fr\/","sameAs":[],"logo":{"@type":"ImageObject","@id":"https:\/\/cueilleurdememoire.fr\/#logo","inLanguage":"fr-FR","url":"https:\/\/cueilleurdememoire.fr\/wp-content\/uploads\/2018\/05\/LOGO300.jpg","contentUrl":"https:\/\/cueilleurdememoire.fr\/wp-content\/uploads\/2018\/05\/LOGO300.jpg","width":300,"height":312,"caption":"Cueilleur de m\u00e9moire - biographe familial en Dr\u00f4me et Rh\u00f4ne-Alpes"},"image":{"@id":"https:\/\/cueilleurdememoire.fr\/#logo"}},{"@type":"WebSite","@id":"https:\/\/cueilleurdememoire.fr\/#website","url":"https:\/\/cueilleurdememoire.fr\/","name":"Cueilleur de m\u00e9moire - \u00e9crivain biographe en Dr\u00f4me et Rh\u00f4ne-Alpes","description":"","publisher":{"@id":"https:\/\/cueilleurdememoire.fr\/#organization"},"potentialAction":[{"@type":"SearchAction","target":{"@type":"EntryPoint","urlTemplate":"https:\/\/cueilleurdememoire.fr\/?s={search_term_string}"},"query-input":"required name=search_term_string"}],"inLanguage":"fr-FR"},{"@type":"ImageObject","@id":"https:\/\/cueilleurdememoire.fr\/?page_id=364#primaryimage","inLanguage":"fr-FR","url":"https:\/\/cueilleurdememoire.fr\/wp-content\/uploads\/2022\/04\/couverture-centenaire.jpg","contentUrl":"https:\/\/cueilleurdememoire.fr\/wp-content\/uploads\/2022\/04\/couverture-centenaire.jpg","width":323,"height":450},{"@type":"WebPage","@id":"https:\/\/cueilleurdememoire.fr\/?page_id=364#webpage","url":"https:\/\/cueilleurdememoire.fr\/?page_id=364","name":"Autobiographie \u00ab Souvenirs d'une centenaire \u00bb &ndash; Cueilleur de m\u00e9moire - \u00e9crivain biographe en Dr\u00f4me et Rh\u00f4ne-Alpes","isPartOf":{"@id":"https:\/\/cueilleurdememoire.fr\/#website"},"primaryImageOfPage":{"@id":"https:\/\/cueilleurdememoire.fr\/?page_id=364#primaryimage"},"datePublished":"2022-04-05T10:29:29+00:00","dateModified":"2022-04-05T10:29:29+00:00","breadcrumb":{"@id":"https:\/\/cueilleurdememoire.fr\/?page_id=364#breadcrumb"},"inLanguage":"fr-FR","potentialAction":[{"@type":"ReadAction","target":["https:\/\/cueilleurdememoire.fr\/?page_id=364"]}]},{"@type":"BreadcrumbList","@id":"https:\/\/cueilleurdememoire.fr\/?page_id=364#breadcrumb","itemListElement":[{"@type":"ListItem","position":1,"name":"Accueil","item":"https:\/\/cueilleurdememoire.fr\/"},{"@type":"ListItem","position":2,"name":"Autobiographie \u00ab Souvenirs d&rsquo;une centenaire \u00bb"}]}]}},"_links":{"self":[{"href":"https:\/\/cueilleurdememoire.fr\/index.php?rest_route=\/wp\/v2\/pages\/364"}],"collection":[{"href":"https:\/\/cueilleurdememoire.fr\/index.php?rest_route=\/wp\/v2\/pages"}],"about":[{"href":"https:\/\/cueilleurdememoire.fr\/index.php?rest_route=\/wp\/v2\/types\/page"}],"author":[{"embeddable":true,"href":"https:\/\/cueilleurdememoire.fr\/index.php?rest_route=\/wp\/v2\/users\/1"}],"replies":[{"embeddable":true,"href":"https:\/\/cueilleurdememoire.fr\/index.php?rest_route=%2Fwp%2Fv2%2Fcomments&post=364"}],"version-history":[{"count":4,"href":"https:\/\/cueilleurdememoire.fr\/index.php?rest_route=\/wp\/v2\/pages\/364\/revisions"}],"predecessor-version":[{"id":390,"href":"https:\/\/cueilleurdememoire.fr\/index.php?rest_route=\/wp\/v2\/pages\/364\/revisions\/390"}],"wp:attachment":[{"href":"https:\/\/cueilleurdememoire.fr\/index.php?rest_route=%2Fwp%2Fv2%2Fmedia&parent=364"}],"curies":[{"name":"wp","href":"https:\/\/api.w.org\/{rel}","templated":true}]}}

<!-- This site is optimized with the Yoast SEO plugin v18.5 - https://yoast.com/wordpress/plugins/seo/ -->
<title>Autobiographie « Souvenirs d&#039;une centenaire » &ndash; Cueilleur de mémoire - écrivain biographe en Drôme et Rhône-Alpes</title>
<meta name="robots" content="index, follow, max-snippet:-1, max-image-preview:large, max-video-preview:-1" />
<link rel="canonical" href="https://cueilleurdememoire.fr/?page_id=364" />
<meta property="og:locale" content="fr_FR" />
<meta property="og:type" content="article" />
<meta property="og:title" content="Autobiographie « Souvenirs d&#039;une centenaire » &ndash; Cueilleur de mémoire - écrivain biographe en Drôme et Rhône-Alpes" />
<meta property="og:description" content="Un extrait, p 16:" />
<meta property="og:url" content="https://cueilleurdememoire.fr/?page_id=364" />
<meta property="og:site_name" content="Cueilleur de mémoire - écrivain biographe en Drôme et Rhône-Alpes" />
<meta property="og:image" content="https://cueilleurdememoire.fr/wp-content/uploads/2022/04/couverture-centenaire.jpg" />
<meta name="twitter:card" content="summary_large_image" />
<script type="application/ld+json" class="yoast-schema-graph">{"@context":"https://schema.org","@graph":[{"@type":"Organization","@id":"https://cueilleurdememoire.fr/#organization","name":"Cueilleur de mémoire - biographe familial en Drôme et Rhône-Alpes","url":"https://cueilleurdememoire.fr/","sameAs":[],"logo":{"@type":"ImageObject","@id":"https://cueilleurdememoire.fr/#logo","inLanguage":"fr-FR","url":"https://cueilleurdememoire.fr/wp-content/uploads/2018/05/LOGO300.jpg","contentUrl":"https://cueilleurdememoire.fr/wp-content/uploads/2018/05/LOGO300.jpg","width":300,"height":312,"caption":"Cueilleur de mémoire - biographe familial en Drôme et Rhône-Alpes"},"image":{"@id":"https://cueilleurdememoire.fr/#logo"}},{"@type":"WebSite","@id":"https://cueilleurdememoire.fr/#website","url":"https://cueilleurdememoire.fr/","name":"Cueilleur de mémoire - écrivain biographe en Drôme et Rhône-Alpes","description":"","publisher":{"@id":"https://cueilleurdememoire.fr/#organization"},"potentialAction":[{"@type":"SearchAction","target":{"@type":"EntryPoint","urlTemplate":"https://cueilleurdememoire.fr/?s={search_term_string}"},"query-input":"required name=search_term_string"}],"inLanguage":"fr-FR"},{"@type":"ImageObject","@id":"https://cueilleurdememoire.fr/?page_id=364#primaryimage","inLanguage":"fr-FR","url":"https://cueilleurdememoire.fr/wp-content/uploads/2022/04/couverture-centenaire.jpg","contentUrl":"https://cueilleurdememoire.fr/wp-content/uploads/2022/04/couverture-centenaire.jpg","width":323,"height":450},{"@type":"WebPage","@id":"https://cueilleurdememoire.fr/?page_id=364#webpage","url":"https://cueilleurdememoire.fr/?page_id=364","name":"Autobiographie « Souvenirs d'une centenaire » &ndash; Cueilleur de mémoire - écrivain biographe en Drôme et Rhône-Alpes","isPartOf":{"@id":"https://cueilleurdememoire.fr/#website"},"primaryImageOfPage":{"@id":"https://cueilleurdememoire.fr/?page_id=364#primaryimage"},"datePublished":"2022-04-05T10:29:29+00:00","dateModified":"2022-04-05T10:29:29+00:00","breadcrumb":{"@id":"https://cueilleurdememoire.fr/?page_id=364#breadcrumb"},"inLanguage":"fr-FR","potentialAction":[{"@type":"ReadAction","target":["https://cueilleurdememoire.fr/?page_id=364"]}]},{"@type":"BreadcrumbList","@id":"https://cueilleurdememoire.fr/?page_id=364#breadcrumb","itemListElement":[{"@type":"ListItem","position":1,"name":"Accueil","item":"https://cueilleurdememoire.fr/"},{"@type":"ListItem","position":2,"name":"Autobiographie « Souvenirs d&rsquo;une centenaire »"}]}]}</script>
<!-- / Yoast SEO plugin. -->

Autobiographie « Souvenirs d'une centenaire » &ndash; Cueilleur de mémoire - écrivain biographe en Drôme et Rhône-Alpes

Cueilleur de mémoire - écrivain biographe en Drôme et Rhône-Alpes

Cueilleur de mémoire - biographe familial en Drôme et Rhône-Alpes
