{"id":372,"date":"2022-04-05T12:28:05","date_gmt":"2022-04-05T10:28:05","guid":{"rendered":"https:\/\/cueilleurdememoire.fr\/?page_id=372"},"modified":"2022-04-05T12:44:18","modified_gmt":"2022-04-05T10:44:18","slug":"autobiographie-1981-memoires","status":"publish","type":"page","link":"https:\/\/cueilleurdememoire.fr\/?page_id=372","title":{"rendered":"Autobiographie \u00ab\u00a01981 : M\u00e9moires\u00a0\u00bb"},"content":{"rendered":"\n<figure class=\"wp-block-image size-full\"><img loading=\"lazy\" width=\"317\" height=\"450\" src=\"https:\/\/cueilleurdememoire.fr\/wp-content\/uploads\/2022\/04\/couverture-memoires-2.jpg\" alt=\"\" class=\"wp-image-377\" srcset=\"https:\/\/cueilleurdememoire.fr\/wp-content\/uploads\/2022\/04\/couverture-memoires-2.jpg 317w, https:\/\/cueilleurdememoire.fr\/wp-content\/uploads\/2022\/04\/couverture-memoires-2-211x300.jpg 211w\" sizes=\"(max-width: 317px) 100vw, 317px\" \/><\/figure>\n\n\n\n<p> <\/p>\n\n\n\n<p>Un extrait, p 66 :<\/p>\n\n\n\n<figure class=\"wp-block-image size-full\"><img loading=\"lazy\" width=\"463\" height=\"650\" src=\"https:\/\/cueilleurdememoire.fr\/wp-content\/uploads\/2022\/04\/texte-2.jpg\" alt=\"\" class=\"wp-image-393\" srcset=\"https:\/\/cueilleurdememoire.fr\/wp-content\/uploads\/2022\/04\/texte-2.jpg 463w, https:\/\/cueilleurdememoire.fr\/wp-content\/uploads\/2022\/04\/texte-2-214x300.jpg 214w\" sizes=\"(max-width: 463px) 100vw, 463px\" \/><\/figure>\n","protected":false},"excerpt":{"rendered":"<p>Un extrait, p 66 :<\/p>\n","protected":false},"author":1,"featured_media":0,"parent":0,"menu_order":0,"comment_status":"closed","ping_status":"closed","template":"","meta":[],"yoast_head":"<!-- This site is optimized with the Yoast SEO plugin v18.5 - https:\/\/yoast.com\/wordpress\/plugins\/seo\/ -->\n<title>Autobiographie \u00ab\u00a01981 : M\u00e9moires\u00a0\u00bb &ndash; Cueilleur de m\u00e9moire - \u00e9crivain biographe en Dr\u00f4me et Rh\u00f4ne-Alpes<\/title>\n<meta name=\"robots\" content=\"index, follow, max-snippet:-1, max-image-preview:large, max-video-preview:-1\" \/>\n<link rel=\"canonical\" href=\"https:\/\/cueilleurdememoire.fr\/?page_id=372\" \/>\n<meta property=\"og:locale\" content=\"fr_FR\" \/>\n<meta property=\"og:type\" content=\"article\" \/>\n<meta property=\"og:title\" content=\"Autobiographie \u00ab\u00a01981 : M\u00e9moires\u00a0\u00bb &ndash; Cueilleur de m\u00e9moire - \u00e9crivain biographe en Dr\u00f4me et Rh\u00f4ne-Alpes\" \/>\n<meta property=\"og:description\" content=\"Un extrait, p 66 :\" \/>\n<meta property=\"og:url\" content=\"https:\/\/cueilleurdememoire.fr\/?page_id=372\" \/>\n<meta property=\"og:site_name\" content=\"Cueilleur de m\u00e9moire - \u00e9crivain biographe en Dr\u00f4me et Rh\u00f4ne-Alpes\" \/>\n<meta property=\"article:modified_time\" content=\"2022-04-05T10:44:18+00:00\" \/>\n<meta property=\"og:image\" content=\"https:\/\/cueilleurdememoire.fr\/wp-content\/uploads\/2022\/04\/couverture-memoires-2.jpg\" \/>\n<meta name=\"twitter:card\" content=\"summary_large_image\" \/>\n<script type=\"application\/ld+json\" class=\"yoast-schema-graph\">{\"@context\":\"https:\/\/schema.org\",\"@graph\":[{\"@type\":\"Organization\",\"@id\":\"https:\/\/cueilleurdememoire.fr\/#organization\",\"name\":\"Cueilleur de m\u00e9moire - biographe familial en Dr\u00f4me et Rh\u00f4ne-Alpes\",\"url\":\"https:\/\/cueilleurdememoire.fr\/\",\"sameAs\":[],\"logo\":{\"@type\":\"ImageObject\",\"@id\":\"https:\/\/cueilleurdememoire.fr\/#logo\",\"inLanguage\":\"fr-FR\",\"url\":\"https:\/\/cueilleurdememoire.fr\/wp-content\/uploads\/2018\/05\/LOGO300.jpg\",\"contentUrl\":\"https:\/\/cueilleurdememoire.fr\/wp-content\/uploads\/2018\/05\/LOGO300.jpg\",\"width\":300,\"height\":312,\"caption\":\"Cueilleur de m\u00e9moire - biographe familial en Dr\u00f4me et Rh\u00f4ne-Alpes\"},\"image\":{\"@id\":\"https:\/\/cueilleurdememoire.fr\/#logo\"}},{\"@type\":\"WebSite\",\"@id\":\"https:\/\/cueilleurdememoire.fr\/#website\",\"url\":\"https:\/\/cueilleurdememoire.fr\/\",\"name\":\"Cueilleur de m\u00e9moire - \u00e9crivain biographe en Dr\u00f4me et Rh\u00f4ne-Alpes\",\"description\":\"\",\"publisher\":{\"@id\":\"https:\/\/cueilleurdememoire.fr\/#organization\"},\"potentialAction\":[{\"@type\":\"SearchAction\",\"target\":{\"@type\":\"EntryPoint\",\"urlTemplate\":\"https:\/\/cueilleurdememoire.fr\/?s={search_term_string}\"},\"query-input\":\"required name=search_term_string\"}],\"inLanguage\":\"fr-FR\"},{\"@type\":\"ImageObject\",\"@id\":\"https:\/\/cueilleurdememoire.fr\/?page_id=372#primaryimage\",\"inLanguage\":\"fr-FR\",\"url\":\"https:\/\/cueilleurdememoire.fr\/wp-content\/uploads\/2022\/04\/couverture-memoires-2.jpg\",\"contentUrl\":\"https:\/\/cueilleurdememoire.fr\/wp-content\/uploads\/2022\/04\/couverture-memoires-2.jpg\",\"width\":317,\"height\":450},{\"@type\":\"WebPage\",\"@id\":\"https:\/\/cueilleurdememoire.fr\/?page_id=372#webpage\",\"url\":\"https:\/\/cueilleurdememoire.fr\/?page_id=372\",\"name\":\"Autobiographie \u00ab\u00a01981 : M\u00e9moires\u00a0\u00bb &ndash; Cueilleur de m\u00e9moire - \u00e9crivain biographe en Dr\u00f4me et Rh\u00f4ne-Alpes\",\"isPartOf\":{\"@id\":\"https:\/\/cueilleurdememoire.fr\/#website\"},\"primaryImageOfPage\":{\"@id\":\"https:\/\/cueilleurdememoire.fr\/?page_id=372#primaryimage\"},\"datePublished\":\"2022-04-05T10:28:05+00:00\",\"dateModified\":\"2022-04-05T10:44:18+00:00\",\"breadcrumb\":{\"@id\":\"https:\/\/cueilleurdememoire.fr\/?page_id=372#breadcrumb\"},\"inLanguage\":\"fr-FR\",\"potentialAction\":[{\"@type\":\"ReadAction\",\"target\":[\"https:\/\/cueilleurdememoire.fr\/?page_id=372\"]}]},{\"@type\":\"BreadcrumbList\",\"@id\":\"https:\/\/cueilleurdememoire.fr\/?page_id=372#breadcrumb\",\"itemListElement\":[{\"@type\":\"ListItem\",\"position\":1,\"name\":\"Accueil\",\"item\":\"https:\/\/cueilleurdememoire.fr\/\"},{\"@type\":\"ListItem\",\"position\":2,\"name\":\"Autobiographie \u00ab\u00a01981 : M\u00e9moires\u00a0\u00bb\"}]}]}<\/script>\n<!-- \/ Yoast SEO plugin. -->","yoast_head_json":{"title":"Autobiographie \u00ab\u00a01981 : M\u00e9moires\u00a0\u00bb &ndash; Cueilleur de m\u00e9moire - \u00e9crivain biographe en Dr\u00f4me et Rh\u00f4ne-Alpes","robots":{"index":"index","follow":"follow","max-snippet":"max-snippet:-1","max-image-preview":"max-image-preview:large","max-video-preview":"max-video-preview:-1"},"canonical":"https:\/\/cueilleurdememoire.fr\/?page_id=372","og_locale":"fr_FR","og_type":"article","og_title":"Autobiographie \u00ab\u00a01981 : M\u00e9moires\u00a0\u00bb &ndash; Cueilleur de m\u00e9moire - \u00e9crivain biographe en Dr\u00f4me et Rh\u00f4ne-Alpes","og_description":"Un extrait, p 66 :","og_url":"https:\/\/cueilleurdememoire.fr\/?page_id=372","og_site_name":"Cueilleur de m\u00e9moire - \u00e9crivain biographe en Dr\u00f4me et Rh\u00f4ne-Alpes","article_modified_time":"2022-04-05T10:44:18+00:00","og_image":[{"url":"https:\/\/cueilleurdememoire.fr\/wp-content\/uploads\/2022\/04\/couverture-memoires-2.jpg"}],"twitter_card":"summary_large_image","schema":{"@context":"https:\/\/schema.org","@graph":[{"@type":"Organization","@id":"https:\/\/cueilleurdememoire.fr\/#organization","name":"Cueilleur de m\u00e9moire - biographe familial en Dr\u00f4me et Rh\u00f4ne-Alpes","url":"https:\/\/cueilleurdememoire.fr\/","sameAs":[],"logo":{"@type":"ImageObject","@id":"https:\/\/cueilleurdememoire.fr\/#logo","inLanguage":"fr-FR","url":"https:\/\/cueilleurdememoire.fr\/wp-content\/uploads\/2018\/05\/LOGO300.jpg","contentUrl":"https:\/\/cueilleurdememoire.fr\/wp-content\/uploads\/2018\/05\/LOGO300.jpg","width":300,"height":312,"caption":"Cueilleur de m\u00e9moire - biographe familial en Dr\u00f4me et Rh\u00f4ne-Alpes"},"image":{"@id":"https:\/\/cueilleurdememoire.fr\/#logo"}},{"@type":"WebSite","@id":"https:\/\/cueilleurdememoire.fr\/#website","url":"https:\/\/cueilleurdememoire.fr\/","name":"Cueilleur de m\u00e9moire - \u00e9crivain biographe en Dr\u00f4me et Rh\u00f4ne-Alpes","description":"","publisher":{"@id":"https:\/\/cueilleurdememoire.fr\/#organization"},"potentialAction":[{"@type":"SearchAction","target":{"@type":"EntryPoint","urlTemplate":"https:\/\/cueilleurdememoire.fr\/?s={search_term_string}"},"query-input":"required name=search_term_string"}],"inLanguage":"fr-FR"},{"@type":"ImageObject","@id":"https:\/\/cueilleurdememoire.fr\/?page_id=372#primaryimage","inLanguage":"fr-FR","url":"https:\/\/cueilleurdememoire.fr\/wp-content\/uploads\/2022\/04\/couverture-memoires-2.jpg","contentUrl":"https:\/\/cueilleurdememoire.fr\/wp-content\/uploads\/2022\/04\/couverture-memoires-2.jpg","width":317,"height":450},{"@type":"WebPage","@id":"https:\/\/cueilleurdememoire.fr\/?page_id=372#webpage","url":"https:\/\/cueilleurdememoire.fr\/?page_id=372","name":"Autobiographie \u00ab\u00a01981 : M\u00e9moires\u00a0\u00bb &ndash; Cueilleur de m\u00e9moire - \u00e9crivain biographe en Dr\u00f4me et Rh\u00f4ne-Alpes","isPartOf":{"@id":"https:\/\/cueilleurdememoire.fr\/#website"},"primaryImageOfPage":{"@id":"https:\/\/cueilleurdememoire.fr\/?page_id=372#primaryimage"},"datePublished":"2022-04-05T10:28:05+00:00","dateModified":"2022-04-05T10:44:18+00:00","breadcrumb":{"@id":"https:\/\/cueilleurdememoire.fr\/?page_id=372#breadcrumb"},"inLanguage":"fr-FR","potentialAction":[{"@type":"ReadAction","target":["https:\/\/cueilleurdememoire.fr\/?page_id=372"]}]},{"@type":"BreadcrumbList","@id":"https:\/\/cueilleurdememoire.fr\/?page_id=372#breadcrumb","itemListElement":[{"@type":"ListItem","position":1,"name":"Accueil","item":"https:\/\/cueilleurdememoire.fr\/"},{"@type":"ListItem","position":2,"name":"Autobiographie \u00ab\u00a01981 : M\u00e9moires\u00a0\u00bb"}]}]}},"_links":{"self":[{"href":"https:\/\/cueilleurdememoire.fr\/index.php?rest_route=\/wp\/v2\/pages\/372"}],"collection":[{"href":"https:\/\/cueilleurdememoire.fr\/index.php?rest_route=\/wp\/v2\/pages"}],"about":[{"href":"https:\/\/cueilleurdememoire.fr\/index.php?rest_route=\/wp\/v2\/types\/page"}],"author":[{"embeddable":true,"href":"https:\/\/cueilleurdememoire.fr\/index.php?rest_route=\/wp\/v2\/users\/1"}],"replies":[{"embeddable":true,"href":"https:\/\/cueilleurdememoire.fr\/index.php?rest_route=%2Fwp%2Fv2%2Fcomments&post=372"}],"version-history":[{"count":6,"href":"https:\/\/cueilleurdememoire.fr\/index.php?rest_route=\/wp\/v2\/pages\/372\/revisions"}],"predecessor-version":[{"id":411,"href":"https:\/\/cueilleurdememoire.fr\/index.php?rest_route=\/wp\/v2\/pages\/372\/revisions\/411"}],"wp:attachment":[{"href":"https:\/\/cueilleurdememoire.fr\/index.php?rest_route=%2Fwp%2Fv2%2Fmedia&parent=372"}],"curies":[{"name":"wp","href":"https:\/\/api.w.org\/{rel}","templated":true}]}}

Autobiographie « 1981 : Mémoires »

<!-- This site is optimized with the Yoast SEO plugin v18.5 - https://yoast.com/wordpress/plugins/seo/ -->
<title>Autobiographie « 1981 : Mémoires » &ndash; Cueilleur de mémoire - écrivain biographe en Drôme et Rhône-Alpes</title>
<meta name="robots" content="index, follow, max-snippet:-1, max-image-preview:large, max-video-preview:-1" />
<link rel="canonical" href="https://cueilleurdememoire.fr/?page_id=372" />
<meta property="og:locale" content="fr_FR" />
<meta property="og:type" content="article" />
<meta property="og:title" content="Autobiographie « 1981 : Mémoires » &ndash; Cueilleur de mémoire - écrivain biographe en Drôme et Rhône-Alpes" />
<meta property="og:description" content="Un extrait, p 66 :" />
<meta property="og:url" content="https://cueilleurdememoire.fr/?page_id=372" />
<meta property="og:site_name" content="Cueilleur de mémoire - écrivain biographe en Drôme et Rhône-Alpes" />
<meta property="article:modified_time" content="2022-04-05T10:44:18+00:00" />
<meta property="og:image" content="https://cueilleurdememoire.fr/wp-content/uploads/2022/04/couverture-memoires-2.jpg" />
<meta name="twitter:card" content="summary_large_image" />
<script type="application/ld+json" class="yoast-schema-graph">{"@context":"https://schema.org","@graph":[{"@type":"Organization","@id":"https://cueilleurdememoire.fr/#organization","name":"Cueilleur de mémoire - biographe familial en Drôme et Rhône-Alpes","url":"https://cueilleurdememoire.fr/","sameAs":[],"logo":{"@type":"ImageObject","@id":"https://cueilleurdememoire.fr/#logo","inLanguage":"fr-FR","url":"https://cueilleurdememoire.fr/wp-content/uploads/2018/05/LOGO300.jpg","contentUrl":"https://cueilleurdememoire.fr/wp-content/uploads/2018/05/LOGO300.jpg","width":300,"height":312,"caption":"Cueilleur de mémoire - biographe familial en Drôme et Rhône-Alpes"},"image":{"@id":"https://cueilleurdememoire.fr/#logo"}},{"@type":"WebSite","@id":"https://cueilleurdememoire.fr/#website","url":"https://cueilleurdememoire.fr/","name":"Cueilleur de mémoire - écrivain biographe en Drôme et Rhône-Alpes","description":"","publisher":{"@id":"https://cueilleurdememoire.fr/#organization"},"potentialAction":[{"@type":"SearchAction","target":{"@type":"EntryPoint","urlTemplate":"https://cueilleurdememoire.fr/?s={search_term_string}"},"query-input":"required name=search_term_string"}],"inLanguage":"fr-FR"},{"@type":"ImageObject","@id":"https://cueilleurdememoire.fr/?page_id=372#primaryimage","inLanguage":"fr-FR","url":"https://cueilleurdememoire.fr/wp-content/uploads/2022/04/couverture-memoires-2.jpg","contentUrl":"https://cueilleurdememoire.fr/wp-content/uploads/2022/04/couverture-memoires-2.jpg","width":317,"height":450},{"@type":"WebPage","@id":"https://cueilleurdememoire.fr/?page_id=372#webpage","url":"https://cueilleurdememoire.fr/?page_id=372","name":"Autobiographie « 1981 : Mémoires » &ndash; Cueilleur de mémoire - écrivain biographe en Drôme et Rhône-Alpes","isPartOf":{"@id":"https://cueilleurdememoire.fr/#website"},"primaryImageOfPage":{"@id":"https://cueilleurdememoire.fr/?page_id=372#primaryimage"},"datePublished":"2022-04-05T10:28:05+00:00","dateModified":"2022-04-05T10:44:18+00:00","breadcrumb":{"@id":"https://cueilleurdememoire.fr/?page_id=372#breadcrumb"},"inLanguage":"fr-FR","potentialAction":[{"@type":"ReadAction","target":["https://cueilleurdememoire.fr/?page_id=372"]}]},{"@type":"BreadcrumbList","@id":"https://cueilleurdememoire.fr/?page_id=372#breadcrumb","itemListElement":[{"@type":"ListItem","position":1,"name":"Accueil","item":"https://cueilleurdememoire.fr/"},{"@type":"ListItem","position":2,"name":"Autobiographie « 1981 : Mémoires »"}]}]}</script>
<!-- / Yoast SEO plugin. -->

Autobiographie « 1981 : Mémoires » &ndash; Cueilleur de mémoire - écrivain biographe en Drôme et Rhône-Alpes

Cueilleur de mémoire - écrivain biographe en Drôme et Rhône-Alpes

Cueilleur de mémoire - biographe familial en Drôme et Rhône-Alpes
