{"id":47,"date":"2018-05-31T18:05:17","date_gmt":"2018-05-31T16:05:17","guid":{"rendered":"http:\/\/cueilleurdememoire.fr\/?page_id=47"},"modified":"2019-06-03T15:27:15","modified_gmt":"2019-06-03T13:27:15","slug":"accueil","status":"publish","type":"page","link":"https:\/\/cueilleurdememoire.fr\/","title":{"rendered":""},"content":{"rendered":"\n<figure class=\"wp-block-image\"><img loading=\"lazy\" width=\"300\" height=\"199\" src=\"https:\/\/cueilleurdememoire.fr\/wp-content\/uploads\/2019\/06\/autoportrait-pf.jpg\" alt=\"\" class=\"wp-image-338\"\/><\/figure>\n\n\n<p><span style=\"color: #0f0f0f;\">Bonjour, je suis Arnaud Duchemin, <strong>\u00e9crivain biographe familial<\/strong>. Je propose mon \u00e9coute et ma plume pour le recueil et l&rsquo;\u00e9criture d&rsquo;<strong>autobiographies<\/strong>, <strong>m\u00e9moires<\/strong> ou <strong>r\u00e9cits de vie<\/strong>. J&rsquo;exerce dans la Dr\u00f4me, pr\u00e8s de Valence et Romans-sur-Is\u00e8re. J\u2019interviens aussi en <span class=\"st\">Auvergne-Rh\u00f4ne-Alpes<\/span> et partout en France.<\/span><br><span style=\"color: #0f0f0f;\">Vous trouverez sur <span style=\"color: #ff6600;\"><a style=\"color: #ff6600;\" href=\"https:\/\/cueilleurdememoire.fr\/?page_id=135\"><strong>ces pages<\/strong><\/a> <\/span>quelques exemples de prestations que je suis \u00e0 m\u00eame de proposer.<\/span><\/p>\n<p><span style=\"color: #0f0f0f;\">Bien que l&rsquo;\u00e9criture de r\u00e9cits de vie soit le c\u0153ur de mon m\u00e9tier, mes services s&rsquo;\u00e9tendent aussi au-del\u00e0 de la sph\u00e8re priv\u00e9e ou familiale. Je peux en effet m&rsquo;associer \u00e0 d&rsquo;autres types de projets dans lesquels les notions de transmission, de partage ou de t\u00e9moignage sont pr\u00e9sentes.<\/span><\/p>\n<p><span style=\"color: #0f0f0f;\">Puisque chaque projet pr\u00e9sente ses particularit\u00e9s, les moyens mis en \u0153uvre sont variables et peuvent faire appel \u00e0 l&rsquo;\u00e9criture, la photographie, la vid\u00e9o et\/ou la prise de son. De m\u00eame, les supports s&rsquo;adaptent de la m\u00eame fa\u00e7on et peuvent \u00eatre vari\u00e9s : livre, cd\/dvd, exposition&#8230;<\/span><\/p>\n<p><span style=\"color: #0f0f0f;\">Si vous avez une id\u00e9e, un projet, je vous propose de <strong><span style=\"color: #ff6600;\"><a style=\"color: #ff6600;\" title=\"contact\" href=\"http:\/\/cueilleurdememoire.fr\/?page_id=77\">me contacter<\/a><\/span><\/strong> pour en discuter et voir ensemble comment nous pouvons r\u00e9pondre au mieux \u00e0 vos attentes.<\/span><\/p>\n<p><span style=\"font-family: Calibri, sans-serif;\">&nbsp;<\/span><\/p>","protected":false},"excerpt":{"rendered":"<p>Bonjour, je suis Arnaud Duchemin, \u00e9crivain biographe familial. Je propose mon \u00e9coute et ma plume pour le recueil et l&rsquo;\u00e9criture d&rsquo;autobiographies, m\u00e9moires ou r\u00e9cits de vie. J&rsquo;exerce dans la Dr\u00f4me, pr\u00e8s de Valence et Romans-sur-Is\u00e8re. J\u2019interviens aussi en Auvergne-Rh\u00f4ne-Alpes et partout en France.Vous trouverez sur ces pages quelques exemples de prestations que je suis \u00e0 [&hellip;]<\/p>\n","protected":false},"author":1,"featured_media":0,"parent":0,"menu_order":0,"comment_status":"closed","ping_status":"closed","template":"","meta":[],"yoast_head":"<!-- This site is optimized with the Yoast SEO plugin v18.5 - https:\/\/yoast.com\/wordpress\/plugins\/seo\/ -->\n<title>&ndash; Cueilleur de m\u00e9moire - \u00e9crivain biographe en Dr\u00f4me et Rh\u00f4ne-Alpes<\/title>\n<meta name=\"robots\" content=\"index, follow, max-snippet:-1, max-image-preview:large, max-video-preview:-1\" \/>\n<link rel=\"canonical\" href=\"https:\/\/cueilleurdememoire.fr\/\" \/>\n<meta property=\"og:locale\" content=\"fr_FR\" \/>\n<meta property=\"og:type\" content=\"article\" \/>\n<meta property=\"og:title\" content=\"&ndash; Cueilleur de m\u00e9moire - \u00e9crivain biographe en Dr\u00f4me et Rh\u00f4ne-Alpes\" \/>\n<meta property=\"og:description\" content=\"Bonjour, je suis Arnaud Duchemin, \u00e9crivain biographe familial. Je propose mon \u00e9coute et ma plume pour le recueil et l&rsquo;\u00e9criture d&rsquo;autobiographies, m\u00e9moires ou r\u00e9cits de vie. J&rsquo;exerce dans la Dr\u00f4me, pr\u00e8s de Valence et Romans-sur-Is\u00e8re. J\u2019interviens aussi en Auvergne-Rh\u00f4ne-Alpes et partout en France.Vous trouverez sur ces pages quelques exemples de prestations que je suis \u00e0 [&hellip;]\" \/>\n<meta property=\"og:url\" content=\"https:\/\/cueilleurdememoire.fr\/\" \/>\n<meta property=\"og:site_name\" content=\"Cueilleur de m\u00e9moire - \u00e9crivain biographe en Dr\u00f4me et Rh\u00f4ne-Alpes\" \/>\n<meta property=\"article:modified_time\" content=\"2019-06-03T13:27:15+00:00\" \/>\n<meta property=\"og:image\" content=\"https:\/\/cueilleurdememoire.fr\/wp-content\/uploads\/2019\/06\/autoportrait-pf.jpg\" \/>\n<meta name=\"twitter:card\" content=\"summary_large_image\" \/>\n<meta name=\"twitter:label1\" content=\"Dur\u00e9e de lecture estim\u00e9e\" \/>\n\t<meta name=\"twitter:data1\" content=\"1 minute\" \/>\n<script type=\"application\/ld+json\" class=\"yoast-schema-graph\">{\"@context\":\"https:\/\/schema.org\",\"@graph\":[{\"@type\":\"Organization\",\"@id\":\"https:\/\/cueilleurdememoire.fr\/#organization\",\"name\":\"Cueilleur de m\u00e9moire - biographe familial en Dr\u00f4me et Rh\u00f4ne-Alpes\",\"url\":\"https:\/\/cueilleurdememoire.fr\/\",\"sameAs\":[],\"logo\":{\"@type\":\"ImageObject\",\"@id\":\"https:\/\/cueilleurdememoire.fr\/#logo\",\"inLanguage\":\"fr-FR\",\"url\":\"https:\/\/cueilleurdememoire.fr\/wp-content\/uploads\/2018\/05\/LOGO300.jpg\",\"contentUrl\":\"https:\/\/cueilleurdememoire.fr\/wp-content\/uploads\/2018\/05\/LOGO300.jpg\",\"width\":300,\"height\":312,\"caption\":\"Cueilleur de m\u00e9moire - biographe familial en Dr\u00f4me et Rh\u00f4ne-Alpes\"},\"image\":{\"@id\":\"https:\/\/cueilleurdememoire.fr\/#logo\"}},{\"@type\":\"WebSite\",\"@id\":\"https:\/\/cueilleurdememoire.fr\/#website\",\"url\":\"https:\/\/cueilleurdememoire.fr\/\",\"name\":\"Cueilleur de m\u00e9moire - \u00e9crivain biographe en Dr\u00f4me et Rh\u00f4ne-Alpes\",\"description\":\"\",\"publisher\":{\"@id\":\"https:\/\/cueilleurdememoire.fr\/#organization\"},\"potentialAction\":[{\"@type\":\"SearchAction\",\"target\":{\"@type\":\"EntryPoint\",\"urlTemplate\":\"https:\/\/cueilleurdememoire.fr\/?s={search_term_string}\"},\"query-input\":\"required name=search_term_string\"}],\"inLanguage\":\"fr-FR\"},{\"@type\":\"ImageObject\",\"@id\":\"https:\/\/cueilleurdememoire.fr\/#primaryimage\",\"inLanguage\":\"fr-FR\",\"url\":\"https:\/\/cueilleurdememoire.fr\/wp-content\/uploads\/2019\/06\/autoportrait-pf.jpg\",\"contentUrl\":\"https:\/\/cueilleurdememoire.fr\/wp-content\/uploads\/2019\/06\/autoportrait-pf.jpg\",\"width\":300,\"height\":199},{\"@type\":\"WebPage\",\"@id\":\"https:\/\/cueilleurdememoire.fr\/#webpage\",\"url\":\"https:\/\/cueilleurdememoire.fr\/\",\"name\":\"&ndash; Cueilleur de m\u00e9moire - \u00e9crivain biographe en Dr\u00f4me et Rh\u00f4ne-Alpes\",\"isPartOf\":{\"@id\":\"https:\/\/cueilleurdememoire.fr\/#website\"},\"primaryImageOfPage\":{\"@id\":\"https:\/\/cueilleurdememoire.fr\/#primaryimage\"},\"datePublished\":\"2018-05-31T16:05:17+00:00\",\"dateModified\":\"2019-06-03T13:27:15+00:00\",\"breadcrumb\":{\"@id\":\"https:\/\/cueilleurdememoire.fr\/#breadcrumb\"},\"inLanguage\":\"fr-FR\",\"potentialAction\":[{\"@type\":\"ReadAction\",\"target\":[\"https:\/\/cueilleurdememoire.fr\/\"]}]},{\"@type\":\"BreadcrumbList\",\"@id\":\"https:\/\/cueilleurdememoire.fr\/#breadcrumb\",\"itemListElement\":[{\"@type\":\"ListItem\",\"position\":1,\"name\":\"Accueil\",\"item\":\"https:\/\/cueilleurdememoire.fr\/\"},{\"@type\":\"ListItem\",\"position\":2,\"name\":\"\"}]}]}<\/script>\n<!-- \/ Yoast SEO plugin. -->","yoast_head_json":{"title":"&ndash; Cueilleur de m\u00e9moire - \u00e9crivain biographe en Dr\u00f4me et Rh\u00f4ne-Alpes","robots":{"index":"index","follow":"follow","max-snippet":"max-snippet:-1","max-image-preview":"max-image-preview:large","max-video-preview":"max-video-preview:-1"},"canonical":"https:\/\/cueilleurdememoire.fr\/","og_locale":"fr_FR","og_type":"article","og_title":"&ndash; Cueilleur de m\u00e9moire - \u00e9crivain biographe en Dr\u00f4me et Rh\u00f4ne-Alpes","og_description":"Bonjour, je suis Arnaud Duchemin, \u00e9crivain biographe familial. Je propose mon \u00e9coute et ma plume pour le recueil et l&rsquo;\u00e9criture d&rsquo;autobiographies, m\u00e9moires ou r\u00e9cits de vie. J&rsquo;exerce dans la Dr\u00f4me, pr\u00e8s de Valence et Romans-sur-Is\u00e8re. J\u2019interviens aussi en Auvergne-Rh\u00f4ne-Alpes et partout en France.Vous trouverez sur ces pages quelques exemples de prestations que je suis \u00e0 [&hellip;]","og_url":"https:\/\/cueilleurdememoire.fr\/","og_site_name":"Cueilleur de m\u00e9moire - \u00e9crivain biographe en Dr\u00f4me et Rh\u00f4ne-Alpes","article_modified_time":"2019-06-03T13:27:15+00:00","og_image":[{"url":"https:\/\/cueilleurdememoire.fr\/wp-content\/uploads\/2019\/06\/autoportrait-pf.jpg"}],"twitter_card":"summary_large_image","twitter_misc":{"Dur\u00e9e de lecture estim\u00e9e":"1 minute"},"schema":{"@context":"https:\/\/schema.org","@graph":[{"@type":"Organization","@id":"https:\/\/cueilleurdememoire.fr\/#organization","name":"Cueilleur de m\u00e9moire - biographe familial en Dr\u00f4me et Rh\u00f4ne-Alpes","url":"https:\/\/cueilleurdememoire.fr\/","sameAs":[],"logo":{"@type":"ImageObject","@id":"https:\/\/cueilleurdememoire.fr\/#logo","inLanguage":"fr-FR","url":"https:\/\/cueilleurdememoire.fr\/wp-content\/uploads\/2018\/05\/LOGO300.jpg","contentUrl":"https:\/\/cueilleurdememoire.fr\/wp-content\/uploads\/2018\/05\/LOGO300.jpg","width":300,"height":312,"caption":"Cueilleur de m\u00e9moire - biographe familial en Dr\u00f4me et Rh\u00f4ne-Alpes"},"image":{"@id":"https:\/\/cueilleurdememoire.fr\/#logo"}},{"@type":"WebSite","@id":"https:\/\/cueilleurdememoire.fr\/#website","url":"https:\/\/cueilleurdememoire.fr\/","name":"Cueilleur de m\u00e9moire - \u00e9crivain biographe en Dr\u00f4me et Rh\u00f4ne-Alpes","description":"","publisher":{"@id":"https:\/\/cueilleurdememoire.fr\/#organization"},"potentialAction":[{"@type":"SearchAction","target":{"@type":"EntryPoint","urlTemplate":"https:\/\/cueilleurdememoire.fr\/?s={search_term_string}"},"query-input":"required name=search_term_string"}],"inLanguage":"fr-FR"},{"@type":"ImageObject","@id":"https:\/\/cueilleurdememoire.fr\/#primaryimage","inLanguage":"fr-FR","url":"https:\/\/cueilleurdememoire.fr\/wp-content\/uploads\/2019\/06\/autoportrait-pf.jpg","contentUrl":"https:\/\/cueilleurdememoire.fr\/wp-content\/uploads\/2019\/06\/autoportrait-pf.jpg","width":300,"height":199},{"@type":"WebPage","@id":"https:\/\/cueilleurdememoire.fr\/#webpage","url":"https:\/\/cueilleurdememoire.fr\/","name":"&ndash; Cueilleur de m\u00e9moire - \u00e9crivain biographe en Dr\u00f4me et Rh\u00f4ne-Alpes","isPartOf":{"@id":"https:\/\/cueilleurdememoire.fr\/#website"},"primaryImageOfPage":{"@id":"https:\/\/cueilleurdememoire.fr\/#primaryimage"},"datePublished":"2018-05-31T16:05:17+00:00","dateModified":"2019-06-03T13:27:15+00:00","breadcrumb":{"@id":"https:\/\/cueilleurdememoire.fr\/#breadcrumb"},"inLanguage":"fr-FR","potentialAction":[{"@type":"ReadAction","target":["https:\/\/cueilleurdememoire.fr\/"]}]},{"@type":"BreadcrumbList","@id":"https:\/\/cueilleurdememoire.fr\/#breadcrumb","itemListElement":[{"@type":"ListItem","position":1,"name":"Accueil","item":"https:\/\/cueilleurdememoire.fr\/"},{"@type":"ListItem","position":2,"name":""}]}]}},"_links":{"self":[{"href":"https:\/\/cueilleurdememoire.fr\/index.php?rest_route=\/wp\/v2\/pages\/47"}],"collection":[{"href":"https:\/\/cueilleurdememoire.fr\/index.php?rest_route=\/wp\/v2\/pages"}],"about":[{"href":"https:\/\/cueilleurdememoire.fr\/index.php?rest_route=\/wp\/v2\/types\/page"}],"author":[{"embeddable":true,"href":"https:\/\/cueilleurdememoire.fr\/index.php?rest_route=\/wp\/v2\/users\/1"}],"replies":[{"embeddable":true,"href":"https:\/\/cueilleurdememoire.fr\/index.php?rest_route=%2Fwp%2Fv2%2Fcomments&post=47"}],"version-history":[{"count":33,"href":"https:\/\/cueilleurdememoire.fr\/index.php?rest_route=\/wp\/v2\/pages\/47\/revisions"}],"predecessor-version":[{"id":345,"href":"https:\/\/cueilleurdememoire.fr\/index.php?rest_route=\/wp\/v2\/pages\/47\/revisions\/345"}],"wp:attachment":[{"href":"https:\/\/cueilleurdememoire.fr\/index.php?rest_route=%2Fwp%2Fv2%2Fmedia&parent=47"}],"curies":[{"name":"wp","href":"https:\/\/api.w.org\/{rel}","templated":true}]}}