{"id":77,"date":"2018-06-01T14:30:35","date_gmt":"2018-06-01T12:30:35","guid":{"rendered":"http:\/\/cueilleurdememoire.fr\/?page_id=77"},"modified":"2019-12-23T10:09:05","modified_gmt":"2019-12-23T09:09:05","slug":"contact","status":"publish","type":"page","link":"https:\/\/cueilleurdememoire.fr\/?page_id=77","title":{"rendered":"Contact"},"content":{"rendered":"<p><span style=\"color: #0f0f0f;\"><img loading=\"lazy\" class=\"wp-image-271 aligncenter\" src=\"http:\/\/cueilleurdememoire.fr\/wp-content\/uploads\/2019\/03\/carte-de-visite-300x174.jpg\" alt=\"\" width=\"429\" height=\"249\" srcset=\"https:\/\/cueilleurdememoire.fr\/wp-content\/uploads\/2019\/03\/carte-de-visite-300x174.jpg 300w, https:\/\/cueilleurdememoire.fr\/wp-content\/uploads\/2019\/03\/carte-de-visite.jpg 475w\" sizes=\"(max-width: 429px) 100vw, 429px\" \/><\/span><\/p>\n\n\n<div class=\"wp-block-image\"><figure class=\"aligncenter is-resized\"><img loading=\"lazy\" src=\"https:\/\/cueilleurdememoire.fr\/wp-content\/uploads\/2019\/12\/contact-1.gif\" alt=\"\" class=\"wp-image-352\" width=\"651\" height=\"175\"\/><\/figure><\/div>\n","protected":false},"excerpt":{"rendered":"","protected":false},"author":1,"featured_media":0,"parent":0,"menu_order":0,"comment_status":"closed","ping_status":"closed","template":"","meta":[],"yoast_head":"<!-- This site is optimized with the Yoast SEO plugin v18.5 - https:\/\/yoast.com\/wordpress\/plugins\/seo\/ -->\n<title>Contact &ndash; Cueilleur de m\u00e9moire - \u00e9crivain biographe en Dr\u00f4me et Rh\u00f4ne-Alpes<\/title>\n<meta name=\"robots\" content=\"index, follow, max-snippet:-1, max-image-preview:large, max-video-preview:-1\" \/>\n<link rel=\"canonical\" href=\"https:\/\/cueilleurdememoire.fr\/?page_id=77\" \/>\n<meta property=\"og:locale\" content=\"fr_FR\" \/>\n<meta property=\"og:type\" content=\"article\" \/>\n<meta property=\"og:title\" content=\"Contact &ndash; Cueilleur de m\u00e9moire - \u00e9crivain biographe en Dr\u00f4me et Rh\u00f4ne-Alpes\" \/>\n<meta property=\"og:url\" content=\"https:\/\/cueilleurdememoire.fr\/?page_id=77\" \/>\n<meta property=\"og:site_name\" content=\"Cueilleur de m\u00e9moire - \u00e9crivain biographe en Dr\u00f4me et Rh\u00f4ne-Alpes\" \/>\n<meta property=\"article:modified_time\" content=\"2019-12-23T09:09:05+00:00\" \/>\n<meta property=\"og:image\" content=\"http:\/\/cueilleurdememoire.fr\/wp-content\/uploads\/2019\/03\/carte-de-visite-300x174.jpg\" \/>\n<meta name=\"twitter:card\" content=\"summary_large_image\" \/>\n<script type=\"application\/ld+json\" class=\"yoast-schema-graph\">{\"@context\":\"https:\/\/schema.org\",\"@graph\":[{\"@type\":\"Organization\",\"@id\":\"https:\/\/cueilleurdememoire.fr\/#organization\",\"name\":\"Cueilleur de m\u00e9moire - biographe familial en Dr\u00f4me et Rh\u00f4ne-Alpes\",\"url\":\"https:\/\/cueilleurdememoire.fr\/\",\"sameAs\":[],\"logo\":{\"@type\":\"ImageObject\",\"@id\":\"https:\/\/cueilleurdememoire.fr\/#logo\",\"inLanguage\":\"fr-FR\",\"url\":\"https:\/\/cueilleurdememoire.fr\/wp-content\/uploads\/2018\/05\/LOGO300.jpg\",\"contentUrl\":\"https:\/\/cueilleurdememoire.fr\/wp-content\/uploads\/2018\/05\/LOGO300.jpg\",\"width\":300,\"height\":312,\"caption\":\"Cueilleur de m\u00e9moire - biographe familial en Dr\u00f4me et Rh\u00f4ne-Alpes\"},\"image\":{\"@id\":\"https:\/\/cueilleurdememoire.fr\/#logo\"}},{\"@type\":\"WebSite\",\"@id\":\"https:\/\/cueilleurdememoire.fr\/#website\",\"url\":\"https:\/\/cueilleurdememoire.fr\/\",\"name\":\"Cueilleur de m\u00e9moire - \u00e9crivain biographe en Dr\u00f4me et Rh\u00f4ne-Alpes\",\"description\":\"\",\"publisher\":{\"@id\":\"https:\/\/cueilleurdememoire.fr\/#organization\"},\"potentialAction\":[{\"@type\":\"SearchAction\",\"target\":{\"@type\":\"EntryPoint\",\"urlTemplate\":\"https:\/\/cueilleurdememoire.fr\/?s={search_term_string}\"},\"query-input\":\"required name=search_term_string\"}],\"inLanguage\":\"fr-FR\"},{\"@type\":\"ImageObject\",\"@id\":\"https:\/\/cueilleurdememoire.fr\/?page_id=77#primaryimage\",\"inLanguage\":\"fr-FR\",\"url\":\"http:\/\/cueilleurdememoire.fr\/wp-content\/uploads\/2019\/03\/carte-de-visite-300x174.jpg\",\"contentUrl\":\"http:\/\/cueilleurdememoire.fr\/wp-content\/uploads\/2019\/03\/carte-de-visite-300x174.jpg\"},{\"@type\":\"WebPage\",\"@id\":\"https:\/\/cueilleurdememoire.fr\/?page_id=77#webpage\",\"url\":\"https:\/\/cueilleurdememoire.fr\/?page_id=77\",\"name\":\"Contact &ndash; Cueilleur de m\u00e9moire - \u00e9crivain biographe en Dr\u00f4me et Rh\u00f4ne-Alpes\",\"isPartOf\":{\"@id\":\"https:\/\/cueilleurdememoire.fr\/#website\"},\"primaryImageOfPage\":{\"@id\":\"https:\/\/cueilleurdememoire.fr\/?page_id=77#primaryimage\"},\"datePublished\":\"2018-06-01T12:30:35+00:00\",\"dateModified\":\"2019-12-23T09:09:05+00:00\",\"breadcrumb\":{\"@id\":\"https:\/\/cueilleurdememoire.fr\/?page_id=77#breadcrumb\"},\"inLanguage\":\"fr-FR\",\"potentialAction\":[{\"@type\":\"ReadAction\",\"target\":[\"https:\/\/cueilleurdememoire.fr\/?page_id=77\"]}]},{\"@type\":\"BreadcrumbList\",\"@id\":\"https:\/\/cueilleurdememoire.fr\/?page_id=77#breadcrumb\",\"itemListElement\":[{\"@type\":\"ListItem\",\"position\":1,\"name\":\"Accueil\",\"item\":\"https:\/\/cueilleurdememoire.fr\/\"},{\"@type\":\"ListItem\",\"position\":2,\"name\":\"Contact\"}]}]}<\/script>\n<!-- \/ Yoast SEO plugin. -->","yoast_head_json":{"title":"Contact &ndash; Cueilleur de m\u00e9moire - \u00e9crivain biographe en Dr\u00f4me et Rh\u00f4ne-Alpes","robots":{"index":"index","follow":"follow","max-snippet":"max-snippet:-1","max-image-preview":"max-image-preview:large","max-video-preview":"max-video-preview:-1"},"canonical":"https:\/\/cueilleurdememoire.fr\/?page_id=77","og_locale":"fr_FR","og_type":"article","og_title":"Contact &ndash; Cueilleur de m\u00e9moire - \u00e9crivain biographe en Dr\u00f4me et Rh\u00f4ne-Alpes","og_url":"https:\/\/cueilleurdememoire.fr\/?page_id=77","og_site_name":"Cueilleur de m\u00e9moire - \u00e9crivain biographe en Dr\u00f4me et Rh\u00f4ne-Alpes","article_modified_time":"2019-12-23T09:09:05+00:00","og_image":[{"url":"http:\/\/cueilleurdememoire.fr\/wp-content\/uploads\/2019\/03\/carte-de-visite-300x174.jpg"}],"twitter_card":"summary_large_image","schema":{"@context":"https:\/\/schema.org","@graph":[{"@type":"Organization","@id":"https:\/\/cueilleurdememoire.fr\/#organization","name":"Cueilleur de m\u00e9moire - biographe familial en Dr\u00f4me et Rh\u00f4ne-Alpes","url":"https:\/\/cueilleurdememoire.fr\/","sameAs":[],"logo":{"@type":"ImageObject","@id":"https:\/\/cueilleurdememoire.fr\/#logo","inLanguage":"fr-FR","url":"https:\/\/cueilleurdememoire.fr\/wp-content\/uploads\/2018\/05\/LOGO300.jpg","contentUrl":"https:\/\/cueilleurdememoire.fr\/wp-content\/uploads\/2018\/05\/LOGO300.jpg","width":300,"height":312,"caption":"Cueilleur de m\u00e9moire - biographe familial en Dr\u00f4me et Rh\u00f4ne-Alpes"},"image":{"@id":"https:\/\/cueilleurdememoire.fr\/#logo"}},{"@type":"WebSite","@id":"https:\/\/cueilleurdememoire.fr\/#website","url":"https:\/\/cueilleurdememoire.fr\/","name":"Cueilleur de m\u00e9moire - \u00e9crivain biographe en Dr\u00f4me et Rh\u00f4ne-Alpes","description":"","publisher":{"@id":"https:\/\/cueilleurdememoire.fr\/#organization"},"potentialAction":[{"@type":"SearchAction","target":{"@type":"EntryPoint","urlTemplate":"https:\/\/cueilleurdememoire.fr\/?s={search_term_string}"},"query-input":"required name=search_term_string"}],"inLanguage":"fr-FR"},{"@type":"ImageObject","@id":"https:\/\/cueilleurdememoire.fr\/?page_id=77#primaryimage","inLanguage":"fr-FR","url":"http:\/\/cueilleurdememoire.fr\/wp-content\/uploads\/2019\/03\/carte-de-visite-300x174.jpg","contentUrl":"http:\/\/cueilleurdememoire.fr\/wp-content\/uploads\/2019\/03\/carte-de-visite-300x174.jpg"},{"@type":"WebPage","@id":"https:\/\/cueilleurdememoire.fr\/?page_id=77#webpage","url":"https:\/\/cueilleurdememoire.fr\/?page_id=77","name":"Contact &ndash; Cueilleur de m\u00e9moire - \u00e9crivain biographe en Dr\u00f4me et Rh\u00f4ne-Alpes","isPartOf":{"@id":"https:\/\/cueilleurdememoire.fr\/#website"},"primaryImageOfPage":{"@id":"https:\/\/cueilleurdememoire.fr\/?page_id=77#primaryimage"},"datePublished":"2018-06-01T12:30:35+00:00","dateModified":"2019-12-23T09:09:05+00:00","breadcrumb":{"@id":"https:\/\/cueilleurdememoire.fr\/?page_id=77#breadcrumb"},"inLanguage":"fr-FR","potentialAction":[{"@type":"ReadAction","target":["https:\/\/cueilleurdememoire.fr\/?page_id=77"]}]},{"@type":"BreadcrumbList","@id":"https:\/\/cueilleurdememoire.fr\/?page_id=77#breadcrumb","itemListElement":[{"@type":"ListItem","position":1,"name":"Accueil","item":"https:\/\/cueilleurdememoire.fr\/"},{"@type":"ListItem","position":2,"name":"Contact"}]}]}},"_links":{"self":[{"href":"https:\/\/cueilleurdememoire.fr\/index.php?rest_route=\/wp\/v2\/pages\/77"}],"collection":[{"href":"https:\/\/cueilleurdememoire.fr\/index.php?rest_route=\/wp\/v2\/pages"}],"about":[{"href":"https:\/\/cueilleurdememoire.fr\/index.php?rest_route=\/wp\/v2\/types\/page"}],"author":[{"embeddable":true,"href":"https:\/\/cueilleurdememoire.fr\/index.php?rest_route=\/wp\/v2\/users\/1"}],"replies":[{"embeddable":true,"href":"https:\/\/cueilleurdememoire.fr\/index.php?rest_route=%2Fwp%2Fv2%2Fcomments&post=77"}],"version-history":[{"count":27,"href":"https:\/\/cueilleurdememoire.fr\/index.php?rest_route=\/wp\/v2\/pages\/77\/revisions"}],"predecessor-version":[{"id":356,"href":"https:\/\/cueilleurdememoire.fr\/index.php?rest_route=\/wp\/v2\/pages\/77\/revisions\/356"}],"wp:attachment":[{"href":"https:\/\/cueilleurdememoire.fr\/index.php?rest_route=%2Fwp%2Fv2%2Fmedia&parent=77"}],"curies":[{"name":"wp","href":"https:\/\/api.w.org\/{rel}","templated":true}]}}

<!-- This site is optimized with the Yoast SEO plugin v18.5 - https://yoast.com/wordpress/plugins/seo/ -->
<title>Contact &ndash; Cueilleur de mémoire - écrivain biographe en Drôme et Rhône-Alpes</title>
<meta name="robots" content="index, follow, max-snippet:-1, max-image-preview:large, max-video-preview:-1" />
<link rel="canonical" href="https://cueilleurdememoire.fr/?page_id=77" />
<meta property="og:locale" content="fr_FR" />
<meta property="og:type" content="article" />
<meta property="og:title" content="Contact &ndash; Cueilleur de mémoire - écrivain biographe en Drôme et Rhône-Alpes" />
<meta property="og:url" content="https://cueilleurdememoire.fr/?page_id=77" />
<meta property="og:site_name" content="Cueilleur de mémoire - écrivain biographe en Drôme et Rhône-Alpes" />
<meta property="article:modified_time" content="2019-12-23T09:09:05+00:00" />
<meta property="og:image" content="http://cueilleurdememoire.fr/wp-content/uploads/2019/03/carte-de-visite-300x174.jpg" />
<meta name="twitter:card" content="summary_large_image" />
<script type="application/ld+json" class="yoast-schema-graph">{"@context":"https://schema.org","@graph":[{"@type":"Organization","@id":"https://cueilleurdememoire.fr/#organization","name":"Cueilleur de mémoire - biographe familial en Drôme et Rhône-Alpes","url":"https://cueilleurdememoire.fr/","sameAs":[],"logo":{"@type":"ImageObject","@id":"https://cueilleurdememoire.fr/#logo","inLanguage":"fr-FR","url":"https://cueilleurdememoire.fr/wp-content/uploads/2018/05/LOGO300.jpg","contentUrl":"https://cueilleurdememoire.fr/wp-content/uploads/2018/05/LOGO300.jpg","width":300,"height":312,"caption":"Cueilleur de mémoire - biographe familial en Drôme et Rhône-Alpes"},"image":{"@id":"https://cueilleurdememoire.fr/#logo"}},{"@type":"WebSite","@id":"https://cueilleurdememoire.fr/#website","url":"https://cueilleurdememoire.fr/","name":"Cueilleur de mémoire - écrivain biographe en Drôme et Rhône-Alpes","description":"","publisher":{"@id":"https://cueilleurdememoire.fr/#organization"},"potentialAction":[{"@type":"SearchAction","target":{"@type":"EntryPoint","urlTemplate":"https://cueilleurdememoire.fr/?s={search_term_string}"},"query-input":"required name=search_term_string"}],"inLanguage":"fr-FR"},{"@type":"ImageObject","@id":"https://cueilleurdememoire.fr/?page_id=77#primaryimage","inLanguage":"fr-FR","url":"http://cueilleurdememoire.fr/wp-content/uploads/2019/03/carte-de-visite-300x174.jpg","contentUrl":"http://cueilleurdememoire.fr/wp-content/uploads/2019/03/carte-de-visite-300x174.jpg"},{"@type":"WebPage","@id":"https://cueilleurdememoire.fr/?page_id=77#webpage","url":"https://cueilleurdememoire.fr/?page_id=77","name":"Contact &ndash; Cueilleur de mémoire - écrivain biographe en Drôme et Rhône-Alpes","isPartOf":{"@id":"https://cueilleurdememoire.fr/#website"},"primaryImageOfPage":{"@id":"https://cueilleurdememoire.fr/?page_id=77#primaryimage"},"datePublished":"2018-06-01T12:30:35+00:00","dateModified":"2019-12-23T09:09:05+00:00","breadcrumb":{"@id":"https://cueilleurdememoire.fr/?page_id=77#breadcrumb"},"inLanguage":"fr-FR","potentialAction":[{"@type":"ReadAction","target":["https://cueilleurdememoire.fr/?page_id=77"]}]},{"@type":"BreadcrumbList","@id":"https://cueilleurdememoire.fr/?page_id=77#breadcrumb","itemListElement":[{"@type":"ListItem","position":1,"name":"Accueil","item":"https://cueilleurdememoire.fr/"},{"@type":"ListItem","position":2,"name":"Contact"}]}]}</script>
<!-- / Yoast SEO plugin. -->

Contact &ndash; Cueilleur de mémoire - écrivain biographe en Drôme et Rhône-Alpes

Cueilleur de mémoire - écrivain biographe en Drôme et Rhône-Alpes

Cueilleur de mémoire - biographe familial en Drôme et Rhône-Alpes
